 the remainder when 395 is divided by t.
35
Let i(g) = g**3 + 6*g**2 + 7*g + 4. Let r be (-57)/(-2)*-1*80/15. Let d = r - -171. What is the remainder when d is divided by i(-4)?
3
Let f = -1125 - -1694. What is the remainder when f is divided by 48?
41
Let j = 167 - 307. Let w = -99 - j. Calculate the remainder when w is divided by 15.
11
Let p = 5 - -14. Let r(v) = v**2 - v - 1. Calculate the remainder when p/2*6/3 is divided by r(4).
8
Let o = -261 + 271. Calculate the remainder when 48 is divided by o.
8
Calculate the remainder when ((-3)/12)/(1/(-1552)*2) is divided by 72.
50
Let a(l) = -2*l - 11. Let p(q) = -q**3 - 5*q**2 + 1. Let i be p(-4). What is the remainder when a(i) is divided by 12?
7
Let c(d) = -8*d + 88. Calculate the remainder when 46 is divided by c(9).
14
Let o = 20 + -18. Suppose d + 2*z - 6 = 0, o*d - 48 = -3*d - 4*z. Calculate the remainder when 44 is divided by d.
8
What is the remainder when (-1184)/(-20) + 8/10 is divided by 47?
13
Suppose -y + l + 357 = -204, 2*y + 3*l - 1132 = 0. What is the remainder when y is divided by 47?
46
Suppose 0 = -47*q + 46*q + 32. Calculate the remainder when 4/(-14) - 1754/(-14) is divided by q.
29
Let q = 55 + 8. Let d(a) = a**3 - 9*a**2 - 4*a + 11. Let z be d(8). Let l = z - -101. What is the remainder when q is divided by l?
15
Let y = 14 + -15. Let z be ((-10)/(-10))/(y/(-26)). Suppose -2*g + z = -0*g. What is the remainder when 22 is divided by g?
9
Let g(b) = -b**3 - 4*b**2 + 10*b + 7. Let o be g(-6). Suppose 20*k - 15 = o*k. Calculate the remainder when k is divided by 4.
3
Suppose -24*u = 14*u - 2926. What is the remainder when u is divided by 3?
2
Suppose -33 = -7*y + 2. Suppose 11 = y*f - 39. Calculate the remainder when 39 is divided by f.
9
Suppose -3*c = r - 27, -26*r - 4*c = -27*r + 27. Let k(d) = 5*d**2 - 5*d + 4. Calculate the remainder when k(5) is divided by r.
23
Let h = -1796 + 1854. Calculate the remainder when h is divided by ((0 + -1)*15)/(-1).
13
Let h(i) = i**3 - 16*i**2 + 21*i + 15. Let z be h(15). Suppose -3*t - 21 = -z. What is the remainder when t is divided by 6?
4
Suppose -2*m - 2*m + 172 = 0. Suppose 5*d = -3*s - 3, 3*s = 5*d + 3 - 6. Suppose 5*b + 3*l - 52 = 38, l - 5 = d. What is the remainder when m is divided by b?
13
Let l = -8 + 6. Calculate the remainder when (0 - 3) + 40 + l is divided by 10.
5
Let n(w) = 3*w**2 + 5*w + 31. Suppose -37 = -2*l + 21. Calculate the remainder when n(-7) is divided by l.
27
Let m be ((-1)/2)/((-4)/24). Let s(y) = -y**3 - 4*y**2 + 3*y + 1. What is the remainder when (527/(-51))/((-1)/m) is divided by s(-5)?
9
Let l = 150 + -74. Suppose -z = -5*z + l. Let n = -11 + 18. What is the remainder when z is divided by n?
5
Let n(m) = -2*m**2 + 13*m - 14. Let a be n(4). Let u = 230 + -68. Suppose -3*w - u = -a*w. What is the remainder when w is divided by 28?
26
Suppose 3*q = 9 - 0. Suppose 12 = q*v - 3. Suppose -2*i = -4*i - v*m + 36, 2*m = 0. What is the remainder when 52 is divided by i?
16
Let g be (-7)/14*(-8)/2. Suppose 3*q = 7 + g. Suppose 5*f - 52 = -s, s - f + q*f - 37 = 0. Calculate the remainder when s is divided by 10.
7
Let z(w) = 6*w - 7. Let c(a) = -7*a + 8. Let l(f) = 3*c(f) + 4*z(f). Let h = 21 + -16. Calculate the remainder when l(h) is divided by 8.
3
Let k = -1291 + 1293. What is the remainder when 159 is divided by k?
1
Calculate the remainder when 10062/24 + 6 - 2/8 is divided by 39.
35
Let w = 700 + -374. Suppose -w - 458 = -14*q. What is the remainder when q is divided by 22?
12
Suppose 2*i - 22 + 0 = 0. What is the remainder when 51 + (-4 - i)/(-5) is divided by -1 + 1 - (2 + -30)?
26
Suppose -11*a + z = -16*a + 202, -4*z = 12. What is the remainder when 79 is divided by a?
38
Calculate the remainder when 113 is divided by (-10)/(-1*(4 - 11/3)).
23
Let b(j) = 3*j**3 - 2*j + 1. Let x be b(1). Let q(y) = 5*y**x + y**3 - 3*y + 4 + y**3 - 3*y**3 + 6*y. Calculate the remainder when q(4) is divided by 17.
15
Let l(c) = -14*c + 402. What is the remainder when l(14) is divided by 16?
14
Let o be (-38)/(-8) + 2/8. Suppose -o*x + 0*p = 3*p - 113, -x - 3*p = -25. Calculate the remainder when x is divided by 13.
9
Suppose 2*u + 47 = 3*y, -30*y + 28*y - 6 = 4*u. Let h = -12 + 108. Calculate the remainder when h is divided by y.
8
Let g = -125 + 168. Calculate the remainder when 92 is divided by g.
6
Let n be (-1)/(-4) - 14/(-8). What is the remainder when 59 is divided by (-9 - -6)/(n/(-10))?
14
Let w(s) = -12*s + 92. Calculate the remainder when w(-7) is divided by 45.
41
Let u(i) = 40*i - 4. Let n be u(-2). Let v = 91 + n. Let r = 14 - 4. What is the remainder when r is divided by v?
3
Let b = 20 + 8. Let q = 213 + -193. What is the remainder when b is divided by q?
8
Suppose -43 - 262 = -5*t. Let a(x) = 6*x**2 + 3*x - 3*x - x + 4 - 5*x**2. Calculate the remainder when t is divided by a(-3).
13
Calculate the remainder when 4599 is divided by 42/(-35)*1250/(-30).
49
Suppose 5*k + 5*w = 4*w + 562, 0 = k - 3*w - 106. Let o = k - 79. Calculate the remainder when o is divided by 9.
6
Let d = 193 + -98. Calculate the remainder when d is divided by 12.
11
Suppose 0 = 2*h + 3 - 1, -3*z + h = -16. Let n = -88 + 150. Calculate the remainder when n is divided by (-10)/100*z/(-2)*36.
8
Suppose 5*z - 21 = -11. What is the remainder when 101 is divided by 5 + (-2)/z + 22?
23
What is the remainder when ((-8)/12)/(1/(-2355)*5) is divided by 16?
10
Let x(d) = -d**2 - 10*d - 5. Let h be x(-8). Let s = h + -10. Suppose -4*q - q - 2*p + 5 = 0, 3*q - 3*p - 3 = 0. What is the remainder when q is divided by s?
0
Let s = -68 - -81. What is the remainder when 48 is divided by s?
9
Let i = 48 + -27. Suppose 63 + i = 3*x. Suppose 3*p - 4*q - x = p, -4*p - 4*q = -56. What is the remainder when 37 is divided by p?
9
Let x(c) = -c + 2. Suppose -8 = -3*g + 5*g. Let d(l) = l**2 + 4*l - 1. Let o be d(g). Calculate the remainder when 11 is divided by x(o).
2
Let h(s) = -4 + 21*s + 5 - 11*s + 1. What is the remainder when 42 is divided by h(2)?
20
Suppose 16*r + 1224 = 152*r. Let u = 10 - 7. Let i = 19 - u. Calculate the remainder when i is divided by r.
7
Let b(w) = -2*w**2 + 50*w - 22. What is the remainder when 48 is divided by b(24)?
22
Let w = 5 - 0. Let s(c) = -c**3 + 7*c**2 - 3*c. Suppose 21 = h - y, -2*h - 5*y + 4*y + 36 = 0. Calculate the remainder when s(w) is divided by h.
16
Suppose 4*l = 2*y - 0*y + 10, -4 = -l - y. Suppose 0 = -2*j - 2, 0 = -l*q + 2*j + 14 + 36. What is the remainder when q + 2/(3 - 1) is divided by 9?
8
Let d be (-7)/((-21)/(-12)) + -116. Let p = 196 + d. What is the remainder when p is divided by 20?
16
Let s(t) = 206*t**3 + 2*t**2 + 2*t - 2. Let f be s(1). Suppose 206*w = f*w - 114. Calculate the remainder when w is divided by 20.
17
Suppose 4*d - 253 - 151 = 0. Let z = -37 + 48. Let g(h) = h + 15. What is the remainder when d is divided by g(z)?
23
Let n = 17 + -24. Let m = n + 30. What is the remainder when m is divided by 15?
8
Let y = 496 + -474. Calculate the remainder when 73 is divided by y.
7
Suppose 0 = 17*t + 33 - 118. Let y be (-2)/(-4) - (-165)/2. Suppose -t*d + y = -62. Calculate the remainder when 115 is divided by d.
28
Suppose -5*m = -2*g + 26, 3*g + 3*m = 2*m + 56. Let i = g + 37. Let r(j) = -4*j - 6. Calculate the remainder when i is divided by r(-5).
13
Let d be 3 - (-4)/(-4) - 3. Let z(x) be the third derivative of 7*x**5/60 + x**4/24 + x**3/6 + 5*x**2. Calculate the remainder when 19 is divided by z(d).
5
Suppose 4*b + 0 = w - 14, -2*w + 54 = 5*b. Calculate the remainder when 171 is divided by w.
17
Suppose 0 = -7*d + d - 216. Let k = d - -103. Let z = k + -37. Calculate the remainder when 89 is divided by z.
29
Suppose -4*b + h + 3*h - 132 = 0, -133 = 4*b - 5*h. Suppose -47*c = -62*c + 240. Calculate the remainder when c is divided by 2/(-5) + b/(-5).
4
Suppose 34*h - 32*h + 3*d - 813 = 0, 1210 = 3*h - 5*d. What is the remainder when h is divided by 41?
36
Let t be 4 - 5 - -3 - -2. Calculate the remainder when 3 is divided by 6/9*(30/t)/5.
0
Let m(w) = 10 - 2 + 13 - 2*w + 0*w. Let a(j) = 10*j + 5. Let s be a(-2). Calculate the remainder when m(s) is divided by 18.
15
Let q = -83 + 49. Let f(i) = -4*i**2 - 5*i + 4. Let z be f(-4). Let d = q - z. Calculate the remainder when d is divided by 4